n**3 + 325*n**2 - 665*n - 2. Determine l(2).
0
Let c(i) = 26*i**2 - 2*i - 4. Calculate c(2).
96
Let h(p) = -1017*p + 3021. What is h(3)?
-30
Let y(k) = 11771*k - 200106. Calculate y(17).
1
Let r(p) = p**3 - 32*p**2 + 4*p - 77. Calculate r(32).
51
Let l(q) = -17*q - 670. Calculate l(-38).
-24
Let q(r) = -9*r**3 - r**2 + 15*r + 22. What is q(-3)?
211
Let w(u) = u**3 - 33*u**2 - 8*u + 1274. Determine w(32).
-6
Let b(n) = 7*n**3 + 20*n**2 + 70*n + 212. Determine b(-3).
-7
Let g(q) = -q**3 - 15*q**2 - 32*q + 46. What is g(-12)?
-2
Let l(i) = -2*i**2 - 389*i - 1524. Calculate l(-4).
0
Let s(y) = y**2 + 90*y - 2441. What is s(-112)?
23
Let k(z) = -z**3 + 40*z**2 + 276*z + 96. What is k(46)?
96
Let b(a) = -121*a + 120. What is b(4)?
-364
Let w(r) = -2*r**3 + 49*r**2 - 126*r + 51. Calculate w(22).
-301
Let n(v) = 8*v**2 - 9*v - 7. What is n(3)?
38
Let p(s) = -s**3 - 25*s**2 - 85*s + 11. What is p(-4)?
15
Let s(y) = 2*y**2 + 635*y - 2568. Determine s(4).
4
Let x(s) = -34*s + 15. Determine x(-1).
49
Let h(v) = -151*v - 452. What is h(-3)?
1
Let r(w) = 4*w**2 + 2*w - 5. What is r(-17)?
1117
Let u(k) = 6*k - 94. Calculate u(44).
170
Let r(j) = 11*j - 545. What is r(28)?
-237
Let r(u) = u**3 + 37*u**2 + 59*u - 1530. What is r(-34)?
-68
Let f(a) = 4*a**2 + 517*a + 12251. Determine f(-98).
1
Let a(d) = 93*d + 7155. Give a(-77).
-6
Let v(m) = m**2 + 12*m - 54. What is v(-12)?
-54
Let i(k) = -8*k**3 + k**2 + 18*k + 18. Give i(-1).
9
Let f(n) = -52*n + 4535. Determine f(88).
-41
Let i(h) = -32478*h - 64946. Determine i(-2).
10
Let o(c) = 119*c - 9953. What is o(84)?
43
Let r(f) = 6*f**2 - 220*f + 356. Determine r(35).
6
Let a(w) = -w**3 + 124*w**2 + 380*w + 116. Give a(127).
-11
Let g(v) = 2*v**2 - 4*v - 18. What is g(7)?
52
Let a(r) = r**3 - 8*r**2 + r + 13. What is a(6)?
-53
Let u(t) = 40*t - 196. What is u(5)?
4
Let z(a) = -3*a**2 - 29*a - 8. Calculate z(-11).
-52
Let k(p) = 28*p - 444. Determine k(7).
-248
Let h(v) = 15*v**3 + 129*v**2 - 214*v - 43. Give h(-10).
-3
Let o(c) = 27*c - 967. What is o(36)?
5
Let s(c) = c**3 + 2*c**2 - 39*c + 27. Determine s(5).
7
Let p(r) = -r**3 - 4*r**2 - 4*r + 98. What is p(-9)?
539
Let n(t) = t**3 - 21*t**2 - 190*t - 164. Determine n(28).
4
Let l(p) = -6*p**2 - 604*p + 64. Determine l(-101).
-138
Let q(z) = -z**2 + 273*z + 1665. Give q(-6).
-9
Let k(x) = 25*x - 841. What is k(34)?
9
Let g(b) = b**3 - 22*b**2 + 92*b + 67. Give g(16).
3
Let z(m) = -m**3 - 90*m**2 + 3159*m - 10. Calculate z(27).
-10
Let o(w) = -w**2 + 209*w - 2179. Calculate o(11).
-1
Let q(a) = -11*a**2 - 28*a + 20. What is q(-5)?
-115
Let f(b) = -b**3 - 29*b**2 + 53*b - 16. Determine f(-31).
263
Let n(v) = -98*v - 4597. Determine n(-47).
9
Let v(h) = -3*h**2 + 692*h + 7972. Calculate v(-11).
-3
Let t(o) = -57*o**2 - 608*o + 18. Give t(-11).
-191
Let t(v) = -63*v - 1930. Determine t(-31).
23
Let w(p) = -32*p**2 - 6208*p + 17. Give w(-194).
17
Let s(a) = -4*a**3 + 145*a**2 + 266*a - 11. Calculate s(38).
-11
Let s(i) = -1574*i - 28341. Give s(-18).
-9
Let u(w) = 2*w**2 + 132*w + 1531. Determine u(-15).
1
Let o(g) = 9*g**2 + 135*g + 3. What is o(-10)?
-447
Let u(m) = -178*m - 426. Determine u(-3).
108
Let i(l) = -74*l**2 + 10*l - 8. Calculate i(1).
-72
Let d(j) = -3926*j - 15704. What is d(-4)?
0
Let p(m) = 3*m**2 - 26*m + 47. Determine p(6).
-1
Let g(d) = -163*d - 5655. Calculate g(-35).
50
Let k(u) = 498*u**2 - 1259*u - 1. Give k(3).
704
Let l(g) = -149*g**2 - 1492*g - 12. Determine l(-10).
8
Let r(m) = 931*m + 3734. Determine r(-4).
10
Let y(a) = -4*a**2 + 154*a - 1275. Determine y(9).
-213
Let p(l) = -62*l - 1399. Determine p(-23).
27
Let a(z) = 192*z - 1244. Calculate a(7).
100
Let s(p) = -18*p**2 - p + 4. Determine s(4).
-288
Let z(y) = -2*y + 27. Determine z(4).
19
Let f(c) = 535*c - 51355. Determine f(96).
5
Let g(l) = 4*l**2 - 15*l + 17. Calculate g(7).
108
Let m(x) = x**2 - 13*x + 40. Calculate m(8).
0
Let i(l) = 45*l + 345. Give i(-9).
-60
Let w(x) = 4*x**3 - 3*x**2 - 26*x + 28. Determine w(3).
31
Let t(g) = 56*g**3 + 339*g**2 + 25*g + 27. What is t(-6)?
-15
Let r(k) = -3*k**2 - 141*k - 560. Calculate r(-43).
-44
Let f(j) = j**3 - 12*j**2 + 31*j - 96. Determine f(10).
14
Let a(w) = 23*w + 2166. Calculate a(-89).
119
Let x(h) = 235*h - 1415. Determine x(6).
-5
Let g(a) = 289*a - 3749. Calculate g(13).
8
Let a(b) = -14*b**2 - 51*b + 8. Give a(-4).
-12
Let x(j) = 47*j + 403. Give x(-9).
-20
Let v(t) = t**3 - 30*t**2 + t + 58. Determine v(30).
88
Let l(z) = 457*z - 470. Determine l(1).
-13
Let x(j) = 102*j - 380. What is x(4)?
28
Let k(c) = -820*c + 8206. What is k(10)?
6
Let o(h) = -4*h - 109. Calculate o(26).
-213
Let h(t) = -17*t - 93. What is h(-6)?
9
Let x(a) = -a**2 + 421*a - 1678. Calculate x(4).
-10
Let z(x) = -x**2 + 3*x - 171. What is z(0)?
-171
Let m(i) = 2982*i + 11934. Calculate m(-4).
6
Let m(x) = -x**3 - 246*x**2 + 1002*x - 10. Determine m(4).
-2
Let t(p) = -856*p - 31652. What is t(-37)?
20
Let a(t) = -t**2 - 6*t + 65. Calculate a(6).
-7
Let m(f) = -597*f - 14. Give m(0).
-14
Let w(c) = -65*c - 942. What is w(-12)?
-162
Let w(c) = c**3 - 31*c**2 + 27*c + 11. Determine w(30).
-79
Let p(l) = -8*l - 753. Calculate p(-81).
-105
Let y(q) = 20*q + 1494. What is y(-75)?
-6
Let v(w) = -5*w - 429. Determine v(-42).
-219
Let d(g) = -3*g**2 - 498*g - 991. Determine d(-2).
-7
Let b(p) = p**3 + p**2 + 5*p + 6. What is b(5)?
181
Let q(y) = -318*y + 16596. Calculate q(52).
60
Let v(q) = -32*q + 378. Determine v(13).
-38
Let t(y) = -y**3 - 9*y**2 + 89*y + 4. Calculate t(6).
-2
Let f(c) = -c**3 - 7*c**2 + 31*c + 9. Calculate f(-10).
-1
Let j(d) = d**3 - d**2 + 12*d + 8. Give j(3).
62
Let x(u) = -4*u**2 + 6*u + 14. What is x(4)?
-26
Let h(o) = 2*o**3 + 47*o**2 + 28*o + 134. Calculate h(-23).
19
Let a(k) = -k**2 - 81*k + 1220. Determine a(13).
-2
Let p(f) = f**3 - 49*f**2 + 225*f - 236. Give p(44).
-16
Let i(a) = 413*a + 402. Determine i(-1).
-11
Let i(x) = -x**2 + 6*x + 159. Give i(14).
47
Let b(p) = 4*p + 226. Determine b(-28).
114
Let d(y) = 2*y**2 + 86*y - 379. What is d(-47)?
-3
Let z(x) = -x**3 - 15*x**2 + 10*x + 77. Calculate z(-15).
-73
Let y(t) = 69*t - 288. What is y(4)?
-12
Let g(l) = 115*l + 32. Give g(-3).
-313
Let i(t) = -30*t**2 + 237*t + 32. Give i(8).
8
Let b(p) = 15*p + 445. Give b(-23).
100
Let a(t) = t**2 + 88*t + 668. Calculate a(-83).
253
Let v(i) = -918*i + 6417. Determine v(7).
-9
Let k(j) = -3*j**3 + 173*j**2 + 48*j - 7. Determine k(58).
-587
Let i(l) = 3*l**2 + 18*l - 19. Calculate i(-13).
254
Let b(u) = -u**3 - 24*u**2 + 32*u + 172. Calculate b(-25).
-3
Let r(m) = m**2 + 27*m - 2942. What is r(45)?
298
Let w(k) = k**3 + 7*k**2 + 8295*k + 49729. Calculate w(-6).
-5
Let t(p) = 3*p**2 - 6*p - 38. Determine t(11).
259
Let w(h) = 29*h**2 - 13*h - 165. What is w(-3)?
135
Let v(g) = -2*g**3 - 15*g**2 - 13*g - 21. What is v(-7)?
21
Let w(f) = -20*f - 142. Determine w(-7).
-2
Let x(f) = -27*f - 9. Give x(5).
-144
Let f(r) = r**3 + 9*r**2 - 162*r - 26. Give f(-18).
-26
Let a(q) = -224*q + 11004. What is a(49)?
28
Let z(g) = g**2 + 11*g - 17. Determine z(-9).
-35
Let t(w) = w**2 + 220*w + 6490. Give t(-35).
15
Let k(l) = -2*l**3 + l**2 + 19*l - 48. What is k(5)?
-178
Let z(a) = 293*a + 2057. Calculate z(-7).
6
Let x(d) = 5*d**2 + 18*d - 326. Give x(-10).
-6
Let j(t) = -14*t - 17. Determine j(3).
-59
Let y(v) = 39*v**2 + 271*v - 10. Calculate y(-7).
4
Let o(j) = -2*j**3 + 6*j**2 - 2*j + 15. Calculate o(2).
19
Let s(f) = -428*f + 7273. Calculate s(17).
-3
Let r(x) = -x**2 + 32*x - 79. Calculate r(3).
8
Let l(z) = -3*z**2 - 158*z + 870. What is l(5)?
5
Let r(g) = 3*g**2 - 35*g - 78. What is r(13)?
-26
Let u(a) = 5938*a + 11884. Give u(-2).
8
Let i(s) = -s**2 + 47*s - 240. Calculate i(41).
6
Let w(c) = -275*c + 15. Give w(1).
-260
Let p(k) = -k**2 + 5530*k + 33216. Give p(-6).
0
Let f(t) = -t**3 + 21*t**2 - 6*t + 5. Determine f(21).
-121
Let z(d) = -2*d**2 - 537*d + 1600. Give z(3).
-29
Let y(d) = 202*d + 24463. Determine y(-121).
21
Let r(g) = 2*g**2 + 53*g + 249. Give r(-5).
34
Let c(m) = 4*m**2 + 3*m - 220. Calculate c(0).
-220
Let n(b) = b**2 + 23*b - 189. Give n(-27).
-81
Let h(b) = -7*b**2 - 205*b - 772. Give h(-25).
-22
Let n(v) = 2*v**3 - 70*v**2 + 189*v + 83. Give n(32).
-13
Let m(l) = l**3 - 10*l**2 + 4*l + 34. What is m(8)?
-62
Let